{"id":33,"date":"2019-05-07T15:10:01","date_gmt":"2019-05-07T13:10:01","guid":{"rendered":"https:\/\/clauschi.de\/post\/?page_id=33"},"modified":"2019-05-20T10:34:41","modified_gmt":"2019-05-20T08:34:41","slug":"a-winterkinder-der-brieftraegerin","status":"publish","type":"page","link":"https:\/\/clauschi.de\/post\/?page_id=33","title":{"rendered":"A &#8211; Winterkinder der Brieftr\u00e4gerin"},"content":{"rendered":"\n<iframe loading=\"lazy\" class=\"gpsies\" src=\"\/\/www.gpsies.com\/mapOnly.do?fileId=aqltxaywdcgtqlhy&amp;authkey=31BF442793E2017250BCC5A963B0A6388855B17FD3A636A0\" scrolling=\"no\" marginheight=\"0\" marginwidth=\"0\" frameborder=\"0\" height=\"400\" width=\"100%\"><\/iframe>\n\n\n\n<ul class=\"wp-block-list\"><li>URL:   <a href=\"https:\/\/www.gpsies.com\/map.do?fileId=aqltxaywdcgtqlhy\">https:\/\/www.gpsies.com\/map.do?fileId=aqltxaywdcgtqlhy<\/a><\/li><li>Lesezeichenliste: <a href=\"https:\/\/coord.info\/BM6H9DB\">https:\/\/coord.info\/BM6H9DB<\/a><\/li><li>Caches: 40 Letterboxen<\/li><li>L\u00e4nge: 11 km<\/li><li>Gesamtanstieg: 199 m<\/li><li>Gesamtabstieg: 94 m<\/li><li>Dauer: 3,5 h (3 km\/h)<\/li><li>Ausr\u00fcstung: Angel <\/li><\/ul>\n\n\n\n<figure class=\"wp-block-image\"><img loading=\"lazy\" decoding=\"async\" width=\"495\" height=\"196\" src=\"https:\/\/clauschi.de\/post\/wp-content\/uploads\/2019\/05\/grafik-2.png\" alt=\"\" class=\"wp-image-34\" srcset=\"https:\/\/clauschi.de\/post\/wp-content\/uploads\/2019\/05\/grafik-2.png 495w, https:\/\/clauschi.de\/post\/wp-content\/uploads\/2019\/05\/grafik-2-300x119.png 300w\" sizes=\"auto, (max-width: 495px) 100vw, 495px\" \/><\/figure>\n\n\n\n<p>Plan: Im Anschluss an &#8222;B&#8220; (r\u00fcckw\u00e4rts); Ende am Hotel (#04), sp\u00e4ter #01-#03 per Fahrrad nachholen<\/p>\n\n\n\n<figure class=\"wp-block-image\"><img loading=\"lazy\" decoding=\"async\" width=\"662\" height=\"263\" src=\"https:\/\/clauschi.de\/post\/wp-content\/uploads\/2019\/05\/grafik-13.png\" alt=\"\" class=\"wp-image-148\" srcset=\"https:\/\/clauschi.de\/post\/wp-content\/uploads\/2019\/05\/grafik-13.png 662w, https:\/\/clauschi.de\/post\/wp-content\/uploads\/2019\/05\/grafik-13-300x119.png 300w\" sizes=\"auto, (max-width: 662px) 100vw, 662px\" \/><figcaption>Netzabdeckung<\/figcaption><\/figure>\n","protected":false},"excerpt":{"rendered":"<p>URL: https:\/\/www.gpsies.com\/map.do?fileId=aqltxaywdcgtqlhy Lesezeichenliste: https:\/\/coord.info\/BM6H9DB Caches: 40 Letterboxen L\u00e4nge: 11 km Gesamtanstieg: 199 m Gesamtabstieg: 94 m Dauer: 3,5 h (3<\/p>\n","protected":false},"author":2,"featured_media":0,"parent":8,"menu_order":3,"comment_status":"closed","ping_status":"closed","template":"","meta":{"footnotes":""},"class_list":["post-33","page","type-page","status-publish","hentry","comments-off"],"_links":{"self":[{"href":"https:\/\/clauschi.de\/post\/index.php?rest_route=\/wp\/v2\/pages\/33","targetHints":{"allow":["GET"]}}],"collection":[{"href":"https:\/\/clauschi.de\/post\/index.php?rest_route=\/wp\/v2\/pages"}],"about":[{"href":"https:\/\/clauschi.de\/post\/index.php?rest_route=\/wp\/v2\/types\/page"}],"author":[{"embeddable":true,"href":"https:\/\/clauschi.de\/post\/index.php?rest_route=\/wp\/v2\/users\/2"}],"replies":[{"embeddable":true,"href":"https:\/\/clauschi.de\/post\/index.php?rest_route=%2Fwp%2Fv2%2Fcomments&post=33"}],"version-history":[{"count":5,"href":"https:\/\/clauschi.de\/post\/index.php?rest_route=\/wp\/v2\/pages\/33\/revisions"}],"predecessor-version":[{"id":182,"href":"https:\/\/clauschi.de\/post\/index.php?rest_route=\/wp\/v2\/pages\/33\/revisions\/182"}],"up":[{"embeddable":true,"href":"https:\/\/clauschi.de\/post\/index.php?rest_route=\/wp\/v2\/pages\/8"}],"wp:attachment":[{"href":"https:\/\/clauschi.de\/post\/index.php?rest_route=%2Fwp%2Fv2%2Fmedia&parent=33"}],"curies":[{"name":"wp","href":"https:\/\/api.w.org\/{rel}","templated":true}]}}