{"id":226,"date":"2013-06-17T17:30:06","date_gmt":"2013-06-17T15:30:06","guid":{"rendered":"https:\/\/clauschi.de\/d\/?page_id=226"},"modified":"2013-06-18T16:20:45","modified_gmt":"2013-06-18T14:20:45","slug":"ccolli","status":"publish","type":"page","link":"https:\/\/clauschi.de\/d\/mitfahrer\/ccolli\/","title":{"rendered":"CColli"},"content":{"rendered":"<p><img decoding=\"async\" alt=\"\" src=\"http:\/\/img.geocaching.com\/cache\/log\/large\/c574ba8e-3ba1-4454-a65e-5820a5b262de.jpg\" \/><\/p>\n<p>CColli, das sind A.&amp; P., sind seit 2006 mit einem GPS ausger\u00fcstet auf der Dosensuche. Anfangs wurde noch jeder Cache einzeln ausgedruckt und mittels Geko 101 und topografischer Karte gesucht. Insbesondere die Wandercaches waren es, die das Team CColli zu ausgedehnten Wochenendausfl\u00fcgen verleiteten. Heute hingegen ist man paperless unterwegs und freut sich auch schon mal \u00fcber einen gepflegten Powertrail, sei es zu Fu\u00df oder mit dem Motorrad. Besonderes Augenmerk gilt den Earthcaches, da CColli sich zunehmen auch f\u00fcr Geologie interessiert. Dabei konnten dem Taunus schon einige geologische Besonderheiten abgerungen und in eigene ECs verwandelt werden, weitere Themen stehen noch aus. Bei der Deutschlandtour (bei der nur das halbe Team CColli dabei ist), steht vor allem der Spa\u00df im Vordergrund, den das Cachen zusammen mit gleichgesinnten bringt. Aber auch das &#8222;sammeln von Bundesl\u00e4ndern&#8220; und eben das bew\u00e4ltigen einer besonderen Herausforderung sind gewichtige Aspekte.<\/p>\n","protected":false},"excerpt":{"rendered":"<p>CColli, das sind A.&amp; P., sind seit 2006 mit einem GPS ausger\u00fcstet auf der Dosensuche. Anfangs wurde noch jeder Cache einzeln ausgedruckt und mittels Geko 101 und topografischer Karte gesucht. Insbesondere die Wandercaches waren es, die das Team CColli zu &hellip; <a href=\"https:\/\/clauschi.de\/d\/mitfahrer\/ccolli\/\">Weiterlesen <span class=\"meta-nav\">&rarr;<\/span><\/a><\/p>\n","protected":false},"author":5,"featured_media":0,"parent":107,"menu_order":2,"comment_status":"open","ping_status":"closed","template":"","meta":{"footnotes":""},"class_list":["post-226","page","type-page","status-publish","hentry"],"_links":{"self":[{"href":"https:\/\/clauschi.de\/d\/wp-json\/wp\/v2\/pages\/226","targetHints":{"allow":["GET"]}}],"collection":[{"href":"https:\/\/clauschi.de\/d\/wp-json\/wp\/v2\/pages"}],"about":[{"href":"https:\/\/clauschi.de\/d\/wp-json\/wp\/v2\/types\/page"}],"author":[{"embeddable":true,"href":"https:\/\/clauschi.de\/d\/wp-json\/wp\/v2\/users\/5"}],"replies":[{"embeddable":true,"href":"https:\/\/clauschi.de\/d\/wp-json\/wp\/v2\/comments?post=226"}],"version-history":[{"count":4,"href":"https:\/\/clauschi.de\/d\/wp-json\/wp\/v2\/pages\/226\/revisions"}],"predecessor-version":[{"id":246,"href":"https:\/\/clauschi.de\/d\/wp-json\/wp\/v2\/pages\/226\/revisions\/246"}],"up":[{"embeddable":true,"href":"https:\/\/clauschi.de\/d\/wp-json\/wp\/v2\/pages\/107"}],"wp:attachment":[{"href":"https:\/\/clauschi.de\/d\/wp-json\/wp\/v2\/media?parent=226"}],"curies":[{"name":"wp","href":"https:\/\/api.w.org\/{rel}","templated":true}]}}