{"id":176,"date":"2013-06-14T13:35:43","date_gmt":"2013-06-14T11:35:43","guid":{"rendered":"https:\/\/clauschi.de\/d\/?page_id=176"},"modified":"2013-06-20T19:52:47","modified_gmt":"2013-06-20T17:52:47","slug":"hamburg","status":"publish","type":"page","link":"https:\/\/clauschi.de\/d\/geocaches\/hamburg\/","title":{"rendered":"Hamburg"},"content":{"rendered":"<p>[catlist=43]<\/p>\n<p>In <strong>Hamburg<\/strong> besuchen wir folgende Caches:<\/p>\n<ol>\n<li><del><a href=\"http:\/\/coord.info\/GC43GT1\" target=\"_blank\">Knusper Knusper Knasa, wer knabbert an mien Wasa?<\/a> (92 FPs)<\/del><br \/>\nTradi, N 53\u00b0 33.268 E 010\u00b0 08.816<br \/>\nHinweis: UV IST EINE SPIELEREI VON MIR UND ZUR UNTERST\u00dcTZUNG, ABER NICHT NOTWENDIG !!!<\/li>\n<li><del><a href=\"http:\/\/coord.info\/GC3DP2E\" target=\"_blank\">Down Under<\/a> (841 FPs)<\/del><br \/>\nMulti, N 53\u00b0 33.404 E 010\u00b0 07.211<br \/>\nHinweis: [Station 1, Y (DE)]: Etwa in Knieh\u00f6he. Tief b\u00fccken! [Station 2, Hinweis]: Braun bis Violett. [Final (DE)]: Werte in Meter vorw\u00e4rts und seitw\u00e4rts.<\/li>\n<li><del><a href=\"http:\/\/coord.info\/GCRX02\" target=\"_blank\">Kunst unter der Autobahn<\/a> (213 FPs)<\/del><br \/>\nTradi, N 53\u00b0 34.011 E 010\u00b0 07.310<br \/>\nHinweis: Treppe ganz rauf, b\u00fccken, f\u00fchlen, greifen, ziehen<\/li>\n<li><a href=\"http:\/\/coord.info\/GC44F0C\" target=\"_blank\">Denkstein (3rd Edition)<\/a> (73 FPs)<br \/>\nTradi, N 53\u00b0 34.372 E 010\u00b0 07.920<br \/>\nHinweis: GC-Logo<\/li>\n<li><a href=\"http:\/\/coord.info\/GC146KA\" target=\"_blank\">Zielinskissimus Agetatio<\/a> (914 FPs)<br \/>\nTradi, N 53\u00b0 35.198 E 010\u00b0 07.385<br \/>\nHinweis: Wappenkunde: Zwei von diesen fuenfen sind nicht wie die anderen (nichts vom Kiosk!! Hilfsstation!).<\/li>\n<li><del><a href=\"http:\/\/coord.info\/GC18182\" target=\"_blank\">Voss-Margarine<\/a> (2079 FPs)<\/del><br \/>\nMulti, N 53\u00b0 35.501 E 010\u00b0 03.297 (P: N 53\u00b0 35.524 E 010\u00b0 03.304 )<br \/>\nHinweis: [Station 2]: Hinter Plakatwand. [Final (DE)]: Schau nach oben!.<\/li>\n<\/ol>\n<p>&nbsp;<\/p>\n<p>[wpgmappity id=&#8220;13&#8243;]<\/p>\n","protected":false},"excerpt":{"rendered":"<p>[catlist=43] In Hamburg besuchen wir folgende Caches: Knusper Knusper Knasa, wer knabbert an mien Wasa? (92 FPs) Tradi, N 53\u00b0 33.268 E 010\u00b0 08.816 Hinweis: UV IST EINE SPIELEREI VON MIR UND ZUR UNTERST\u00dcTZUNG, ABER NICHT NOTWENDIG !!! Down Under &hellip; <a href=\"https:\/\/clauschi.de\/d\/geocaches\/hamburg\/\">Weiterlesen <span class=\"meta-nav\">&rarr;<\/span><\/a><\/p>\n","protected":false},"author":2,"featured_media":0,"parent":82,"menu_order":5,"comment_status":"closed","ping_status":"closed","template":"","meta":{"footnotes":""},"class_list":["post-176","page","type-page","status-publish","hentry"],"_links":{"self":[{"href":"https:\/\/clauschi.de\/d\/wp-json\/wp\/v2\/pages\/176","targetHints":{"allow":["GET"]}}],"collection":[{"href":"https:\/\/clauschi.de\/d\/wp-json\/wp\/v2\/pages"}],"about":[{"href":"https:\/\/clauschi.de\/d\/wp-json\/wp\/v2\/types\/page"}],"author":[{"embeddable":true,"href":"https:\/\/clauschi.de\/d\/wp-json\/wp\/v2\/users\/2"}],"replies":[{"embeddable":true,"href":"https:\/\/clauschi.de\/d\/wp-json\/wp\/v2\/comments?post=176"}],"version-history":[{"count":8,"href":"https:\/\/clauschi.de\/d\/wp-json\/wp\/v2\/pages\/176\/revisions"}],"predecessor-version":[{"id":254,"href":"https:\/\/clauschi.de\/d\/wp-json\/wp\/v2\/pages\/176\/revisions\/254"}],"up":[{"embeddable":true,"href":"https:\/\/clauschi.de\/d\/wp-json\/wp\/v2\/pages\/82"}],"wp:attachment":[{"href":"https:\/\/clauschi.de\/d\/wp-json\/wp\/v2\/media?parent=176"}],"curies":[{"name":"wp","href":"https:\/\/api.w.org\/{rel}","templated":true}]}}