{"id":55,"date":"2019-03-14T08:00:13","date_gmt":"2019-03-14T07:00:13","guid":{"rendered":"http:\/\/clauschi.de\/ProKOCHT\/?page_id=55"},"modified":"2019-03-31T22:39:36","modified_gmt":"2019-03-31T20:39:36","slug":"auto","status":"publish","type":"page","link":"https:\/\/clauschi.de\/ProKOCHT\/?page_id=55","title":{"rendered":"Auto"},"content":{"rendered":"\n<p><\/p>\n\n\n\n<figure class=\"wp-block-image\"><img loading=\"lazy\" decoding=\"async\" width=\"1024\" height=\"768\" src=\"https:\/\/clauschi.de\/ProKOCHT\/wp-content\/uploads\/2019\/03\/IMG_7312-e1554064421202-1024x768.jpg\" alt=\"\" class=\"wp-image-578\" srcset=\"https:\/\/clauschi.de\/ProKOCHT\/wp-content\/uploads\/2019\/03\/IMG_7312-e1554064421202-1024x768.jpg 1024w, https:\/\/clauschi.de\/ProKOCHT\/wp-content\/uploads\/2019\/03\/IMG_7312-e1554064421202-300x225.jpg 300w, https:\/\/clauschi.de\/ProKOCHT\/wp-content\/uploads\/2019\/03\/IMG_7312-e1554064421202-768x576.jpg 768w\" sizes=\"auto, (max-width: 1024px) 100vw, 1024px\" \/><\/figure>\n\n\n\n<p><strong>VW T6<\/strong> (9-Sitzer, Transporter-Variante), angemietet \u00fcber den ADAC f\u00fcr 230 \u20ac inkl. beliebig vieler Fahrer, Personen-Unfall-Schutz, Scheiben- und Reifenschutz, Vollkasko- und Diebstahlschutz mit 0 \u20ac Selbstbeteiligung und max. 750 km (gesch\u00e4tzte Strecke: 800 km; Zusatzkilometer kosten 0,29 \u20ac) <\/p>\n\n\n\n<p>Diesel, 60 l Tank, 9,1 l\/100 km &#8211;> 650 km Reichweite<\/p>\n\n\n\n<ul class=\"wp-block-list\"><li>Abholung: <ul><li>29.3. um 15 Uhr in Wiesbaden Hbf (Liliencarr\u00e9) <\/li><\/ul><\/li><li>R\u00fcckgabe: <ul><li>31.3. bis sp\u00e4testens 14 Uhr in Wiesbaden Hbf (Liliencarr\u00e9) <\/li><\/ul><\/li><\/ul>\n","protected":false},"excerpt":{"rendered":"<p>VW T6 (9-Sitzer, Transporter-Variante), angemietet \u00fcber den ADAC f\u00fcr 230 \u20ac inkl. beliebig vieler Fahrer, Personen-Unfall-Schutz, Scheiben- und Reifenschutz, Vollkasko- und Diebstahlschutz mit 0 \u20ac Selbstbeteiligung und max. 750 km (gesch\u00e4tzte Strecke: 800 km; Zusatzkilometer kosten 0,29 \u20ac) Diesel, 60 &hellip; <a href=\"https:\/\/clauschi.de\/ProKOCHT\/?page_id=55\">Weiterlesen <span class=\"meta-nav\">&rarr;<\/span><\/a><\/p>\n","protected":false},"author":1,"featured_media":0,"parent":0,"menu_order":0,"comment_status":"closed","ping_status":"closed","template":"","meta":{"footnotes":""},"class_list":["post-55","page","type-page","status-publish","hentry"],"_links":{"self":[{"href":"https:\/\/clauschi.de\/ProKOCHT\/index.php?rest_route=\/wp\/v2\/pages\/55","targetHints":{"allow":["GET"]}}],"collection":[{"href":"https:\/\/clauschi.de\/ProKOCHT\/index.php?rest_route=\/wp\/v2\/pages"}],"about":[{"href":"https:\/\/clauschi.de\/ProKOCHT\/index.php?rest_route=\/wp\/v2\/types\/page"}],"author":[{"embeddable":true,"href":"https:\/\/clauschi.de\/ProKOCHT\/index.php?rest_route=\/wp\/v2\/users\/1"}],"replies":[{"embeddable":true,"href":"https:\/\/clauschi.de\/ProKOCHT\/index.php?rest_route=%2Fwp%2Fv2%2Fcomments&post=55"}],"version-history":[{"count":9,"href":"https:\/\/clauschi.de\/ProKOCHT\/index.php?rest_route=\/wp\/v2\/pages\/55\/revisions"}],"predecessor-version":[{"id":580,"href":"https:\/\/clauschi.de\/ProKOCHT\/index.php?rest_route=\/wp\/v2\/pages\/55\/revisions\/580"}],"wp:attachment":[{"href":"https:\/\/clauschi.de\/ProKOCHT\/index.php?rest_route=%2Fwp%2Fv2%2Fmedia&parent=55"}],"curies":[{"name":"wp","href":"https:\/\/api.w.org\/{rel}","templated":true}]}}