{"id":105,"date":"2019-03-14T12:08:22","date_gmt":"2019-03-14T11:08:22","guid":{"rendered":"http:\/\/clauschi.de\/ProKOCHT\/?page_id=105"},"modified":"2019-03-26T11:13:22","modified_gmt":"2019-03-26T10:13:22","slug":"faq","status":"publish","type":"page","link":"https:\/\/clauschi.de\/ProKOCHT\/?page_id=105","title":{"rendered":"FAQ"},"content":{"rendered":"\n<blockquote class=\"wp-block-quote is-layout-flow wp-block-quote-is-layout-flow\"><p>Was kostet der Spa\u00df f\u00fcr jeden?<\/p><cite>Die Kosten liegen pro Person bei etwa 60 \u20ac (Auto: 230 \u20ac + Kilometernachzahlung; Sprit: 100 \u20ac); hinzu kommen Ausgaben f\u00fcr die Verpflegung.<\/cite><\/blockquote>\n\n\n\n<blockquote class=\"wp-block-quote is-layout-flow wp-block-quote-is-layout-flow\"><p>Wer zahlt eventuelle Strafzettel?<\/p><cite>M\u00fcsste man noch abstimmen. Bei normaler Fahrweise w\u00fcrde man vermutlich die Kosten teilen (rote Ampel, verbotenes Halten,&#8230;).<\/cite><\/blockquote>\n\n\n\n<blockquote class=\"wp-block-quote is-layout-flow wp-block-quote-is-layout-flow\"><p>Wie handhaben wir es mit Essens- und Toilettenpausen?<\/p><cite>Leider wird es keine gem\u00fctliche &#8222;Sonntagsfahrt&#8220; mit geplanten Pausen. Essen sollte man daher m\u00f6glichst w\u00e4hrend der Fahrt im Auto. Eine Toilettenpause gibt es nach Bedarf bzw. Verf\u00fcgbarkeit an der Strecke.<\/cite><\/blockquote>\n\n\n\n<blockquote class=\"wp-block-quote is-layout-flow wp-block-quote-is-layout-flow\"><p>Wann geht die Sonne auf und unter?<\/p><cite>Sonnenaufgang ist um 6 Uhr, Sonnenuntergang um 19 Uhr. Morgen- bzw. Abendd\u00e4mmerung ist jeweils um eine halbe Stunde zeitversetzt.<\/cite><\/blockquote>\n\n\n\n<blockquote class=\"wp-block-quote is-layout-flow wp-block-quote-is-layout-flow\"><p>Wie sieht die Rollen- und Sitzverteilung aus?<\/p><cite>Es fahren 6 Personen mit. Vorne sitzen Fahrer(in) und Beifahrer(in). Fahrer(in) bewegt das Fahrzeug und findet gute Haltepl\u00e4tze. Der Motor bleibt normalerweise an. Beifahrer(in) bedient das Navi bzw. f\u00fchrt den Fahrer (Entfernung zum n\u00e4chsten Haltepunkt, Hinweise zum Halten [rechts\/links] usw.).<br><br>Auf der Mittelbank sitzen die Springer(innen), die zum Cachen nach Halt des Autos raus h\u00fcpfen. Sie f\u00fchren die Aufkleber, rufen den Hint aus und behalten die Zeit im Auge (max. 2 Min. zum Suchen und Eintragen).<br><br>Hinten sitzen 1 oder 2 Personen, die sich ausruhen wollen. Sie haben keine Aufgaben.<br><br>Wechsel der Pl\u00e4tze und Verteilung der Aufgaben ohne feste Zuordnung, d.h. nach Lust und Laune.<\/cite><\/blockquote>\n\n\n\n<blockquote class=\"wp-block-quote is-layout-flow wp-block-quote-is-layout-flow\"><p>Welche Technik haben wir an Bord?<\/p><cite>ClauSchi bereitet sein Navi mit den angedachten Caches vor. Ein oder mehrere weitere, vorbereitete Navis k\u00f6nnen aber nicht schaden.<br><br>Einen oder mehrere USB-Verteiler f\u00fcr den Zigarettenanschluss sollten wir dabei haben (ClauSchi bringt eines mit).<br><br>Eine Powerbank sollte jeder f\u00fcr sich dabei haben. Genauso wie GPS-Ger\u00e4te, Smartphones, Taschenlampen (mit Ersatzbatterien) usw.<\/cite><\/blockquote>\n\n\n\n<blockquote class=\"wp-block-quote is-layout-flow wp-block-quote-is-layout-flow\"><p>Wie sieht der Ausbau von mobilem Internet entlang der Strecke aus?<\/p><cite>Vermutlich eher schlecht. Es empfiehlt sich daher, offline soviel es geht zu speichern bzw. auf Papier mitzunehmen (z.B. den &#8222;Fahrplan&#8220;).<\/cite><\/blockquote>\n\n\n\n<figure class=\"wp-block-image\"><img loading=\"lazy\" decoding=\"async\" width=\"594\" height=\"452\" src=\"https:\/\/clauschi.de\/ProKOCHT\/wp-content\/uploads\/2019\/03\/LTE-Netzausbau_Waldeck.jpg\" alt=\"\" class=\"wp-image-300\" srcset=\"https:\/\/clauschi.de\/ProKOCHT\/wp-content\/uploads\/2019\/03\/LTE-Netzausbau_Waldeck.jpg 594w, https:\/\/clauschi.de\/ProKOCHT\/wp-content\/uploads\/2019\/03\/LTE-Netzausbau_Waldeck-300x228.jpg 300w\" sizes=\"auto, (max-width: 594px) 100vw, 594px\" \/><\/figure>\n\n\n\n<blockquote class=\"wp-block-quote is-layout-flow wp-block-quote-is-layout-flow\"><p>Wieso fehlen die Landkreis-Caches #229 &#8211; #235?<\/p><cite>Diese Caches liegen s\u00fcdlich des Edersees etwas abseits und w\u00fcrden zuviel Zeit kosten.<\/cite><\/blockquote>\n\n\n\n<blockquote class=\"wp-block-quote is-layout-flow wp-block-quote-is-layout-flow\"><p>Wieso haben wir \u00fcber 600 Caches auf der gpx-Liste und wieso geht der Fahrplan \u00fcber Mitternacht hinaus?<\/p><cite>Die Waldeck-Mystery-Runde von Oma08 beinhaltet nur 500 Mysteries, wir wollen aber mind. 555 Caches innerhalb der 24h schaffen. Es gibt sicherlich auch einige DNFs, daher findet sich auch viel Beifang auf der Liste, der aber wie die Waldeck-Mysteries grunds\u00e4tzlich direkt anfahrbar ist. Schaffen wir mehr als 25 Caches pro Stunde, kommt die Reserveliste des Epilogs zum Einsatz.<\/cite><\/blockquote>\n\n\n\n<blockquote class=\"wp-block-quote is-layout-flow wp-block-quote-is-layout-flow\"><p>Wieso fangen wir bei der #269 an und nicht bei der #1 oder #302?<\/p><cite>Die #269 liegt nach dem (cachelosen) Kellerwald und ist von Limburg aus in 2 h erreichbar. <\/cite><\/blockquote>\n\n\n\n<blockquote class=\"wp-block-quote is-layout-flow wp-block-quote-is-layout-flow\"><p>Wieso fahren wir die Tour aufsteigend im Uhrzeigersinn?<\/p><cite>Die Haltepl\u00e4tze sind &#8211; angeblich &#8211; dementsprechend optimiert (vorrangig auf rechter Stra\u00dfenseite). <\/cite><\/blockquote>\n","protected":false},"excerpt":{"rendered":"<p>Was kostet der Spa\u00df f\u00fcr jeden? Die Kosten liegen pro Person bei etwa 60 \u20ac (Auto: 230 \u20ac + Kilometernachzahlung; Sprit: 100 \u20ac); hinzu kommen Ausgaben f\u00fcr die Verpflegung. Wer zahlt eventuelle Strafzettel? M\u00fcsste man noch abstimmen. Bei normaler Fahrweise &hellip; <a href=\"https:\/\/clauschi.de\/ProKOCHT\/?page_id=105\">Weiterlesen <span class=\"meta-nav\">&rarr;<\/span><\/a><\/p>\n","protected":false},"author":1,"featured_media":0,"parent":0,"menu_order":0,"comment_status":"closed","ping_status":"closed","template":"","meta":{"footnotes":""},"class_list":["post-105","page","type-page","status-publish","hentry"],"_links":{"self":[{"href":"https:\/\/clauschi.de\/ProKOCHT\/index.php?rest_route=\/wp\/v2\/pages\/105","targetHints":{"allow":["GET"]}}],"collection":[{"href":"https:\/\/clauschi.de\/ProKOCHT\/index.php?rest_route=\/wp\/v2\/pages"}],"about":[{"href":"https:\/\/clauschi.de\/ProKOCHT\/index.php?rest_route=\/wp\/v2\/types\/page"}],"author":[{"embeddable":true,"href":"https:\/\/clauschi.de\/ProKOCHT\/index.php?rest_route=\/wp\/v2\/users\/1"}],"replies":[{"embeddable":true,"href":"https:\/\/clauschi.de\/ProKOCHT\/index.php?rest_route=%2Fwp%2Fv2%2Fcomments&post=105"}],"version-history":[{"count":14,"href":"https:\/\/clauschi.de\/ProKOCHT\/index.php?rest_route=\/wp\/v2\/pages\/105\/revisions"}],"predecessor-version":[{"id":373,"href":"https:\/\/clauschi.de\/ProKOCHT\/index.php?rest_route=\/wp\/v2\/pages\/105\/revisions\/373"}],"wp:attachment":[{"href":"https:\/\/clauschi.de\/ProKOCHT\/index.php?rest_route=%2Fwp%2Fv2%2Fmedia&parent=105"}],"curies":[{"name":"wp","href":"https:\/\/api.w.org\/{rel}","templated":true}]}}

<blockquote class="wp-block-quote is-layout-flow wp-block-quote-is-layout-flow"><p>Was kostet der Spaß für jeden?</p><cite>Die Kosten liegen pro Person bei etwa 60 € (Auto: 230 € + Kilometernachzahlung; Sprit: 100 €); hinzu kommen Ausgaben für die Verpflegung.</cite></blockquote>



<blockquote class="wp-block-quote is-layout-flow wp-block-quote-is-layout-flow"><p>Wer zahlt eventuelle Strafzettel?</p><cite>Müsste man noch abstimmen. Bei normaler Fahrweise würde man vermutlich die Kosten teilen (rote Ampel, verbotenes Halten,&#8230;).</cite></blockquote>



<blockquote class="wp-block-quote is-layout-flow wp-block-quote-is-layout-flow"><p>Wie handhaben wir es mit Essens- und Toilettenpausen?</p><cite>Leider wird es keine gemütliche &#8222;Sonntagsfahrt&#8220; mit geplanten Pausen. Essen sollte man daher möglichst während der Fahrt im Auto. Eine Toilettenpause gibt es nach Bedarf bzw. Verfügbarkeit an der Strecke.</cite></blockquote>



<blockquote class="wp-block-quote is-layout-flow wp-block-quote-is-layout-flow"><p>Wann geht die Sonne auf und unter?</p><cite>Sonnenaufgang ist um 6 Uhr, Sonnenuntergang um 19 Uhr. Morgen- bzw. Abenddämmerung ist jeweils um eine halbe Stunde zeitversetzt.</cite></blockquote>



<blockquote class="wp-block-quote is-layout-flow wp-block-quote-is-layout-flow"><p>Wie sieht die Rollen- und Sitzverteilung aus?</p><cite>Es fahren 6 Personen mit. Vorne sitzen Fahrer(in) und Beifahrer(in). Fahrer(in) bewegt das Fahrzeug und findet gute Halteplätze. Der Motor bleibt normalerweise an. Beifahrer(in) bedient das Navi bzw. führt den Fahrer (Entfernung zum nächsten Haltepunkt, Hinweise zum Halten [rechts/links] usw.).<br><br>Auf der Mittelbank sitzen die Springer(innen), die zum Cachen nach Halt des Autos raus hüpfen. Sie führen die Aufkleber, rufen den Hint aus und behalten die Zeit im Auge (max. 2 Min. zum Suchen und Eintragen).<br><br>Hinten sitzen 1 oder 2 Personen, die sich ausruhen wollen. Sie haben keine Aufgaben.<br><br>Wechsel der Plätze und Verteilung der Aufgaben ohne feste Zuordnung, d.h. nach Lust und Laune.</cite></blockquote>



<blockquote class="wp-block-quote is-layout-flow wp-block-quote-is-layout-flow"><p>Welche Technik haben wir an Bord?</p><cite>ClauSchi bereitet sein Navi mit den angedachten Caches vor. Ein oder mehrere weitere, vorbereitete Navis können aber nicht schaden.<br><br>Einen oder mehrere USB-Verteiler für den Zigarettenanschluss sollten wir dabei haben (ClauSchi bringt eines mit).<br><br>Eine Powerbank sollte jeder für sich dabei haben. Genauso wie GPS-Geräte, Smartphones, Taschenlampen (mit Ersatzbatterien) usw.</cite></blockquote>



<blockquote class="wp-block-quote is-layout-flow wp-block-quote-is-layout-flow"><p>Wie sieht der Ausbau von mobilem Internet entlang der Strecke aus?</p><cite>Vermutlich eher schlecht. Es empfiehlt sich daher, offline soviel es geht zu speichern bzw. auf Papier mitzunehmen (z.B. den &#8222;Fahrplan&#8220;).</cite></blockquote>



<figure class="wp-block-image"><img loading="lazy" decoding="async" width="594" height="452" src="https://clauschi.de/ProKOCHT/wp-content/uploads/2019/03/LTE-Netzausbau_Waldeck.jpg" alt="" class="wp-image-300" srcset="https://clauschi.de/ProKOCHT/wp-content/uploads/2019/03/LTE-Netzausbau_Waldeck.jpg 594w, https://clauschi.de/ProKOCHT/wp-content/uploads/2019/03/LTE-Netzausbau_Waldeck-300x228.jpg 300w" sizes="auto, (max-width: 594px) 100vw, 594px" /></figure>



<blockquote class="wp-block-quote is-layout-flow wp-block-quote-is-layout-flow"><p>Wieso fehlen die Landkreis-Caches #229 &#8211; #235?</p><cite>Diese Caches liegen südlich des Edersees etwas abseits und würden zuviel Zeit kosten.</cite></blockquote>



<blockquote class="wp-block-quote is-layout-flow wp-block-quote-is-layout-flow"><p>Wieso haben wir über 600 Caches auf der gpx-Liste und wieso geht der Fahrplan über Mitternacht hinaus?</p><cite>Die Waldeck-Mystery-Runde von Oma08 beinhaltet nur 500 Mysteries, wir wollen aber mind. 555 Caches innerhalb der 24h schaffen. Es gibt sicherlich auch einige DNFs, daher findet sich auch viel Beifang auf der Liste, der aber wie die Waldeck-Mysteries grundsätzlich direkt anfahrbar ist. Schaffen wir mehr als 25 Caches pro Stunde, kommt die Reserveliste des Epilogs zum Einsatz.</cite></blockquote>



<blockquote class="wp-block-quote is-layout-flow wp-block-quote-is-layout-flow"><p>Wieso fangen wir bei der #269 an und nicht bei der #1 oder #302?</p><cite>Die #269 liegt nach dem (cachelosen) Kellerwald und ist von Limburg aus in 2 h erreichbar. </cite></blockquote>



<blockquote class="wp-block-quote is-layout-flow wp-block-quote-is-layout-flow"><p>Wieso fahren wir die Tour aufsteigend im Uhrzeigersinn?</p><cite>Die Halteplätze sind &#8211; angeblich &#8211; dementsprechend optimiert (vorrangig auf rechter Straßenseite). </cite></blockquote>

<p>Was kostet der Spaß für jeden? Die Kosten liegen pro Person bei etwa 60 € (Auto: 230 € + Kilometernachzahlung; Sprit: 100 €); hinzu kommen Ausgaben für die Verpflegung. Wer zahlt eventuelle Strafzettel? Müsste man noch abstimmen. Bei normaler Fahrweise &hellip; <a href="https://clauschi.de/ProKOCHT/?page_id=105">Weiterlesen <span class="meta-nav">&rarr;</span></a></p>
